 t = -x*h + 78, 0*t = 2*t + 4. What is the highest common factor of 40 and h?
20
Let q be 39*(-1 + (2 - 0)). Let a = -12 + q. Let o = -15 + a. Calculate the highest common factor of o and 4.
4
Suppose 0 = -5*g - 2 + 22. Let w(m) = -m**3 + 4*m**2 + 4*m - 2. Let t be w(g). Suppose -k = 5 - 61. What is the highest common factor of k and t?
14
Suppose -5*i = -i - 24. Suppose 432 = -2*h + i*h + j, 4*j = 0. Let u = -72 + h. What is the highest common factor of 12 and u?
12
Suppose -146 - 139 = -3*z. Calculate the greatest common factor of z and 19.
19
Let y be 657/21 + 2/(-7). What is the highest common factor of 31 and y?
31
Suppose 3*n = 5*b - 23, 5*n = 2*b - 0*n + 6. Calculate the greatest common divisor of 7 and b.
7
Let l be (-5)/(-3)*(-2 + -1). Let z = 10 + l. Suppose 5*o = -52 + 152. Calculate the greatest common divisor of o and z.
5
Let o(v) be the third derivative of v**4/12 - 3*v**2. Let u be o(9). What is the greatest common divisor of 2 and u?
2
Let t = 69 + -41. What is the greatest common factor of 84 and t?
28
Suppose -4*z + 192 + 40 = 0. Calculate the highest common divisor of 87 and z.
29
Let g = 10 + 9. What is the greatest common factor of g and 95?
19
Let h = 1 - 5. Let c be ((-4)/8)/(2/h). Calculate the greatest common divisor of c and 7.
1
Let c be ((-84)/(-11))/2 + (-4)/(-22). Calculate the greatest common factor of 36 and c.
4
Let s(r) = -3*r - 7. Let t be s(-4). Suppose -t*d + 41 = 4*u, -33 - 17 = -5*u - 5*d. What is the highest common factor of 1 and u?
1
Let r(q) = -q**3 + 6*q**2 + 10*q - 9. Let n be r(7). Let x(j) = 0*j - 3*j - j - 6. Let u be x(-9). Calculate the highest common divisor of u and n.
6
Suppose 4*a = -3*s + 4 - 11, 0 = 2*s - 2*a - 14. Calculate the highest common divisor of 21 and s.
3
Let a = 18 + -14. What is the greatest common divisor of 8 and a?
4
Let m be 133/49 - 4/(-14). Suppose 44 = m*a - 4*v, 2*a - 20 = -0*v - 2*v. Calculate the greatest common factor of 84 and a.
12
Suppose 2*h = 4*h - 40. What is the highest common factor of 4 and h?
4
Suppose 3*t - 315 = -12*t. Calculate the greatest common divisor of 3 and t.
3
Suppose -8*z = -2*z. Suppose 5*g = 3*r - z*r - 27, 0 = 5*g + 15. What is the greatest common factor of 10 and r?
2
Let a be 1/(-2) - (-15)/6. Let w(t) = -6 + 1 + a - 6*t. Let p be w(-9). What is the greatest common divisor of 34 and p?
17
Suppose -5*y = 4*s - 237, -3*y - 73 = -s - 1. What is the greatest common factor of 9 and s?
9
Let b(c) = -5*c - 29. Let n be b(-10). What is the highest common factor of n and 7?
7
Let s(c) = -16*c - 12. Let a be s(-6). What is the greatest common divisor of a and 56?
28
Let q be (-1 + 2)/((-4)/(-80)). Suppose -q = -3*n - n. Suppose -n*z - 16 = -61. What is the greatest common divisor of z and 1?
1
Let i(y) = -y**3 - 17*y**2 - 6*y - 18. Let s be i(-17). Calculate the greatest common factor of s and 28.
28
Let r = 137 + -104. What is the greatest common factor of 33 and r?
33
Let o be (-1)/(-5) - 89/(-5). Let n = 0 - 0. Suppose 3*v = -n*v + 81. What is the greatest common divisor of v and o?
9
Suppose 2*o = 4*o - 18. Suppose 0 = -4*u + u + o. Suppose 2*r = -x + 3*x - 40, 42 = 2*x - u*r. What is the greatest common factor of 54 and x?
18
Let c = 7 + 5. Calculate the highest common factor of 108 and c.
12
Let m be (-4)/24*-68 + 6/9. What is the highest common divisor of 6 and m?
6
Let a be (-12)/18*(-29 - 1). Let q = -16 + a. Calculate the highest common factor of 2 and q.
2
Let k = 79 - 54. What is the greatest common divisor of 10 and k?
5
Suppose -4*k + 29 = -3*r, -k + r = -4*k + 25. Calculate the greatest common factor of k and 8.
8
Suppose 2*h + 82 = -0*h. Suppose -4*s - 8 = 0, 3*c - 4*s - 221 = -0*s. Let n = h + c. Calculate the greatest common divisor of n and 15.
15
Let o be (-2 + 12/9)*-27. What is the highest common divisor of o and 144?
18
Suppose 4*w = 2*z + 2*z - 320, 2*w = -5*z + 365. What is the greatest common divisor of z and 15?
15
Let i be (-26)/(-8) - (-2)/(-8). Suppose 2*y + 4*a + 4 = 0, -i*y + 2*a = -0*y - 18. Let l be -3 + y + 0 + 7. Calculate the greatest common divisor of l and 1.
1
Let g = 4 + -4. Let k be -3 + g + 14 + -7. What is the greatest common divisor of 16 and k?
4
Let d be 5/(10/(-8))*-26. Let y be 1 + 0/3 - 0. Let k be (2 + y)*13/3. Calculate the greatest common divisor of k and d.
13
Let c = -29 - -13. Let n = c - -28. Calculate the greatest common divisor of 12 and n.
12
Let x = 20 - 19. Let m be 0 + x + 76 + -2. Calculate the greatest common divisor of m and 15.
15
Suppose 0 = 4*l + 4*v - 156 + 20, 16 = -4*v. Let o = -23 + l. Suppose -4*r = -133 + 13. What is the highest common factor of o and r?
15
Let v be 2/(-8) + (-65)/(-4). Let n = 374 - 54. Suppose -2*b = 2*b - n. What is the greatest common factor of b and v?
16
Let j = 10 + -2. Suppose -j*o + 7*o = -84. Let c(m) = -m**2 - 10*m - 9. Let z be c(-7). What is the greatest common divisor of o and z?
12
Let u(b) = -b**3 - 18*b**2 - 5*b + 22. Let d be u(-18). What is the highest common divisor of d and 7?
7
Let c(a) = a**3 - 4*a**2 + a - 2. Let p be c(4). Calculate the greatest common factor of p and 14.
2
Let g = -36 - 6. Let i be g/(-15) - 2/(-10). What is the highest common factor of i and 12?
3
Let j be 14/3*9/6. Let g = j + -2. Suppose -5*m - 8 = 2*u - 50, g*m + 5*u - 30 = 0. What is the highest common factor of m and 10?
10
Suppose 5*o - 3*o = -24. Let u = -7 - o. Suppose 97 + 18 = u*k. Calculate the greatest common factor of 184 and k.
23
Suppose 13 = 3*n - 17. What is the highest common factor of n and 15?
5
Let j be 4/(-8) - (-183)/6. Calculate the greatest common divisor of 20 and j.
10
Suppose 2*i = 14 - 4. Calculate the highest common factor of 5 and i.
5
Suppose -5*x - 410 = -5*b, -2*x + 4 = -0*x. Let l be (-57)/(-5) + 21/35. Calculate the highest common factor of l and b.
12
Let o = -11 + 16. Suppose o*w + 4 = -1, 5*d - 4*w = 34. Calculate the greatest common divisor of 15 and d.
3
Let y = -132 - -249. Calculate the highest common factor of y and 13.
13
Let w = 28 + 8. Suppose -4*b + 2*n - 3*n = -5, b - 3*n = 11. Suppose -w = -b*c - 2*c. Calculate the greatest common factor of c and 36.
9
Let k(v) = 36*v**2 + 6*v - 12. Let d be k(2). What is the highest common factor of d and 18?
18
Suppose 0 = -5*w + 3*w + 5*g + 23, 75 = 5*w + 5*g. What is the greatest common factor of 42 and w?
14
Suppose -40*g - 28 = -44*g. Calculate the greatest common factor of g and 28.
7
Let b(u) = 4*u - 4. Let o = 0 + 5. Let l be b(o). Let q(x) = -5*x - 5. Let y be q(-9). What is the greatest common factor of l and y?
8
Suppose 131 - 47 = 4*j. Calculate the greatest common divisor of j and 105.
21
Let b = -192 + 196. What is the greatest common factor of 16 and b?
4
Suppose -45 - 35 = 5*p. Let t be (p/(-3))/((-2)/(-12)). Let g be -1 - (4*-13 - -3). Calculate the highest common factor of t and g.
16
Let i = -50 - -150. Calculate the highest common divisor of i and 20.
20
Suppose 8*b = 91 + 69. What is the greatest common factor of b and 140?
20
Let d = -2 - -2. Suppose -4*u + d*u + 220 = 0. What is the greatest common factor of 5 and u?
5
Suppose -3*w + 0*n + 226 = 2*n, 3*w - 232 = 4*n. Let k = 109 - w. Calculate the greatest common factor of 11 and k.
11
Suppose v - 22 = -0*v. What is the highest common divisor of 66 and v?
22
Let h = 175 + -93. What is the highest common factor of 41 and h?
41
Suppose 3*d - 1 = -4, u - 5*d = -134. Let y = -94 - u. Calculate the greatest common divisor of y and 18.
9
Let s = -117 - -192. Suppose -2*t - s = -4*a - 21, 3*a = -2*t + 37. Calculate the greatest common divisor of 130 and a.
13
Let c = -5 + 15. What is the highest common factor of c and 20?
10
Suppose 5*q = 3*f - 4, 5 = -2*f + 5*f - 4*q. Let o be -17 + f + -4 + 3. Let b = -5 - o. Calculate the greatest common factor of 110 and b.
10
Let y = -5 - -13. Let f = -1 + y. Suppose 2*b + 650 = f*b. What is the highest common factor of b and 13?
13
Suppose -3*h = -5*g - 28, 29 - 2 = 2*h - 5*g. Suppose 4 = -5*s + 109. Suppose 2*n = s + h. What is the greatest common divisor of n and 11?
11
Suppose -5*m + 3*m + 24 = 0. What is the greatest common divisor of 30 and m?
6
Suppose -30 + 26 = -l. What is the highest common factor of 16 and l?
4
Let z(g) = g**3 - g**2 + 27. Suppose 0 = 2*c - 4*